ctors of g(4).
2
Let x be ((-16)/5)/(1/(-5)). Suppose -7*p + 5*p + x = 0. What are the prime factors of p?
2
Let p be 16/10 - 4/(-10). Suppose 89 = 3*q + p. What are the prime factors of q?
29
Let c(a) = a**2 + 11*a - 13. Let i be c(-13). Let m(g) = g**2 - 5*g + 5. Let n be m(5). Let l = i - n. List the prime factors of l.
2
Let u = 106 + -48. What are the prime factors of u?
2, 29
Suppose 0 = -x + 3, -7*x + 4*x = b - 364. List the prime factors of b.
5, 71
List the prime factors of (-2)/(-6)*3*89.
89
Let l be 74/6 + (-7)/21. Let x = l + -17. Let g(a) = a**2 + 3*a - 1. What are the prime factors of g(x)?
3
Let m = -3 - -5. Suppose 0 = -p + m + 6. List the prime factors of p.
2
Let r = -12 + 7. Let i = 3 + r. What are the prime factors of 6*(i/3)/(-1)?
2
Suppose 452 = -8*u + 10*u. List the prime factors of u.
2, 113
Let x(a) = a**3 - 3*a**2 + 4*a - 2. Let g be x(2). What are the prime factors of (2 - -5) + g/1?
3
Suppose 0 = -h - 3*h + 5*b + 419, 0 = -3*h + 3*b + 318. List the prime factors of h.
3, 37
Let v(d) = 4 - 2 + 0 - 14*d. Let m be v(2). Let x = -11 - m. What are the prime factors of x?
3, 5
What are the prime factors of -3 + 17 + (-24)/(-6)?
2, 3
Suppose -67 = -4*r - s, -r + 12 = -3*s - 21. Let b = r + -6. Let q(x) = -x**2 + 14*x - 10. List the prime factors of q(b).
2, 7
Let c = -343 - -528. Let u = -49 + c. What are the prime factors of u/20 + (-1)/(-5)?
7
Let h = 13 - -32. Suppose -h = t - 4*t. What are the prime factors of t?
3, 5
Let d(f) = f**3 - 3*f**2 - 2*f - 5. Let q be d(4). List the prime factors of q/(-6)*(-6 - 0).
3
List the prime factors of (0 + -1)/((4 + -3)/(-43)).
43
Let a(r) = r + 1. Let l be (-9 + 10)*(-2 - -1). Let h be l/1 + (-12)/(-3). What are the prime factors of a(h)?
2
Suppose -5*w = 3 + 47. Let j = -3 + -9. Let g = w - j. List the prime factors of g.
2
Let h be ((-16)/10)/(18/225). Let c = h + 56. List the prime factors of c.
2, 3
Let k(j) = 2*j - 6*j + 0*j + 3*j + 9. Let c be k(0). Suppose -n = 3 - c. What are the prime factors of n?
2, 3
Suppose l - 42 = -5*p, l - 4*l + p + 46 = 0. What are the prime factors of l?
17
Suppose c + 5*d = 89, 5*c - d - 418 = d. What are the prime factors of c?
2, 3, 7
Let y be 4/7 - 2532/21. Let t = 171 + y. What are the prime factors of t?
3, 17
Suppose 1 + 3 = s, 0 = o - 5*s - 31. Suppose 97 = 4*c - o. Suppose -n = m - 8, 5*n - 3 = -m + c. What are the prime factors of n?
2
Let g be (-4 + 1)*(-4)/(-3). Let c = 6 - g. What are the prime factors of c?
2, 5
Suppose -125 = -4*w + 107. What are the prime factors of w?
2, 29
List the prime factors of -1 + (6 - (1 + 2)).
2
List the prime factors of (56/66 + 2/(-11))*516.
2, 43
Let q(v) = -v**2 + 8*v - 12. Let o be q(8). Let c = -18 - o. Let h(m) = -m**2 - 8*m - 7. What are the prime factors of h(c)?
5
Let j(s) = s**3 + 4*s**2 - 5*s - 5. Let m be j(-5). Let n(w) = -3*w**2 - 3. Let d be n(2). List the prime factors of d*(0 - (-2)/m).
2, 3
Suppose -3*f + 8*f + 145 = -5*p, -2*p - 72 = -5*f. Let k = p + 46. What are the prime factors of k?
3, 5
Let n(f) = -f**2 + 9*f - 7. Let x be n(7). Let t = -5 + x. List the prime factors of t.
2
Suppose -x - 3 + 9 = 0. Suppose -2*q + g + x = 0, q + 3 = -2*g + 11. List the prime factors of q.
2
Let p = 50 - -4. What are the prime factors of p?
2, 3
Let f(p) = -2*p**2 + 2*p + 4. Let o be f(3). Let h(r) = -3*r - 11. What are the prime factors of h(o)?
13
Suppose 3*t - 2*v - 257 = -7*v, 2*t - v - 167 = 0. List the prime factors of t.
2, 3, 7
Let q(s) = -s**3 - 4*s**2 + 3*s + 2. Suppose 8*d - 3*d + 15 = 0. Let t be (5/d)/(3/9). List the prime factors of q(t).
2, 3
Let g(y) = -22*y - 17. What are the prime factors of g(-11)?
3, 5
Suppose q + 2 = -0. Let j be (12/20)/(q/(-10)). Suppose j*f - 23 = 25. List the prime factors of f.
2
Let m(s) = -5*s**2 - 7*s + 2. Let i(n) = 5*n**2 + 6*n - 2. Let f(b) = 6*i(b) + 5*m(b). List the prime factors of f(-2).
2
Let x = 331 + -232. Suppose 6*a = 3*a + x. List the prime factors of a.
3, 11
Let y be -2*(-2)/(-6)*-3. Suppose 4*s - 62 = y*i, 3*s - i - 29 = 19. Let o = -8 + s. List the prime factors of o.
3
Suppose -2*m = m - 1242. List the prime factors of m/22 + 6/33.
19
Let h(k) = k - 1. Let l be h(-4). Let s be (-752)/(-64) - 6/8. Let q = l + s. What are the prime factors of q?
2, 3
Suppose 4*h - h = 18. Suppose -2*k + 1 + 3 = 0. Suppose k*t - h - 22 = 0. What are the prime factors of t?
2, 7
Suppose -b = 3*u + 12, 0*u - u = 3*b + 4. Suppose 4*v = -b*v - 252. What are the prime factors of (-43)/(-9) - 14/v?
5
Suppose -5*a + 2*k = 4*k - 375, 0 = -3*k. List the prime factors of a.
3, 5
List the prime factors of 18/(-36)*(-140 - 2).
71
Let n = 13 - 7. Let t be (0/((-16)/4))/(-1). Suppose -y + 2*y - n = t. List the prime factors of y.
2, 3
Let w = -25 - -9. Let f = 29 + w. What are the prime factors of f?
13
Suppose 11*r - 693 = 8*r. What are the prime factors of r?
3, 7, 11
Suppose -3*g + 50 = 5*d + 2*g, -2*g = d - 5. Let w = d - 8. Suppose w = 3*o + 4*l, -o - 2*l = 4*o - 21. List the prime factors of o.
5
Let p = -20 + 29. What are the prime factors of p?
3
Suppose -2*u + 3*u + 6 = 0. List the prime factors of 2/6 + (-34)/u.
2, 3
Suppose 0 = -3*n - n - 12. Let v(o) be the second derivative of -o**3/3 + o. What are the prime factors of v(n)?
2, 3
Let n(z) = 7*z**2 - 2*z + 1. Let v(x) = -x - 2. Let o be (12/8)/(2/(-4)). Let b be v(o). What are the prime factors of n(b)?
2, 3
Let m be 0 - ((-14)/(-2) - -2). Suppose 3*o = -8 + 11. What are the prime factors of m/3 + o - -13?
11
Suppose 0*i = -v - 4*i + 1, 4*i + 4 = 0. Suppose -5*a = -4*n - 2, 3*a + 5*n - 16 = -0*n. Let d = a + v. What are the prime factors of d?
7
Let d(q) = -q**2 + q - 1. Let j be d(0). Let l = j - -3. Suppose c - 11 = r, l*r + r = -c + 15. What are the prime factors of c?
2, 3
Let v(i) = -12*i**2 + 6*i. Let g(f) = 11*f**2 - 5*f. Let j(t) = 7*g(t) + 6*v(t). What are the prime factors of j(1)?
2, 3
Suppose 5*i = -75 + 240. List the prime factors of i.
3, 11
Suppose 0 = 4*r - 2*r - 54. What are the prime factors of r?
3
Suppose 2*y + 28 = 6*y. Suppose 2*a = y*a - 80. What are the prime factors of (-2 - a)*4/(-6)?
2, 3
Suppose 5*w = 3*y + 5, -5*w + 32 = -2*w + 4*y. Suppose -w*j + 67 = -85. What are the prime factors of j?
2, 19
Suppose 0 = -2*n + 7 + 3. Let i = n + 0. Let f = -2 + i. List the prime factors of f.
3
Suppose -5*y = -5*g - 146 - 959, 0 = -2*y + 3*g + 437. List the prime factors of y.
2, 113
Let a(o) = o**3 - 2*o**2 - 3*o + 2. List the prime factors of a(4).
2, 11
List the prime factors of (-4 - -5)/(-1 + 12/10).
5
Let v = -4 + 7. Suppose -88 + 4 = -v*c. Suppose -5*a + 3*b + c = 0, -7*b = -4*a - 3*b + 16. List the prime factors of a.
2
Let f(a) = a**2 + 8*a + 7. Let i(u) = u**2 + u + 1. Let y(p) = -f(p) + 6*i(p). Suppose t - 6 = 4*x + 1, -2*x = t - 1. List the prime factors of y(x).
2, 3
Suppose 7*c - 480 = 2*c. List the prime factors of c.
2, 3
Suppose o + o - 24 = 0. Suppose -3*t + v + o = 0, 1 = -t + 3*v - 3. List the prime factors of t.
5
List the prime factors of -4*1/2 + (-826)/(-7).
2, 29
Let k = -1 - 13. Let g = -7 - k. Let v = -5 + g. List the prime factors of v.
2
Let l(m) = 17*m**2 - 7*m - 4. What are the prime factors of l(-4)?
2, 37
Suppose 2*x - 4*x = 5*a - 154, -3*x = 5*a - 151. Suppose 0*j = 7*j - 14. Suppose -a = -j*m - 0*m. List the prime factors of m.
2
Suppose -2*x + 64 = -0*x. List the prime factors of x.
2
Let y be 1/((-22)/(-12) - 2). Let d be 3/2*(-64)/y. Let k = d - 4. What are the prime factors of k?
2, 3
Let v = 226 - 157. Let d = v + -37. List the prime factors of d.
2
Let r be 15/2*2/3. Suppose -2*k + 50 = 2*q, r*q - 80 = 5*k - k. Suppose -q + 5 = -3*a. List the prime factors of a.
5
Suppose 4*z - z + 38 = b, -z + 4*b = 31. Let v = z + 25. What are the prime factors of v?
2, 7
Suppose -2*f + 10 = 0, 0*n + 115 = 3*n + 2*f. List the prime factors of n.
5, 7
Suppose 6*g + g = 217. List the prime factors of g.
31
Let b(s) = -s + 6. Let o be b(4). Let m(p) = -2 - o - 2*p + 3. What are the prime factors of m(-3)?
5
Suppose 3 = -z + 47. What are the prime factors of 2 + (z/4 - 1)?
2, 3
Suppose -4*q + 2*i = -4, -2 = -4*q + i + 4. Suppose -s - q*s = -18. What are the prime factors of s?
2, 3
Let d be (-122)/(-8)*12/3. Suppose -p + 2*w + 44 = 3*p, 0 = 5*p - 4*w - d. What are 